g = -5*d - 3253420, -4*g - 46*d + 45*d + 3253420 = 0. Is g a prime number?
False
Let w(t) = -170*t - 18. Let d be w(-6). Let s = d - -1759. Is s a prime number?
False
Suppose 3*v - 213453 = -3*c, 14*c = 3*v + 15*c - 213443. Is v composite?
True
Let k = 50079 + -25570. Is k prime?
True
Suppose 2688074 = c - 860*b + 863*b, -3*b = -21. Is c a composite number?
False
Let m(h) be the second derivative of h**4/12 + h**3/6 + 17*h**2/2 - 41*h. Suppose -5*u = -22 + 67. Is m(u) a prime number?
True
Suppose 61 = 7*n - 23. Suppose y - 4903 = -4*s + 7126, n = -4*y. Suppose -4*p - g + s = 0, -p + 0*g = 2*g - 759. Is p prime?
True
Let v be 19*((3 + 2 - 7) + -1). Let t = v - -31072. Is t a composite number?
True
Suppose -12*a + d + 2*d = -1701132, 5*d + 283522 = 2*a. Is a a prime number?
True
Let k(j) = -47 + 12 - 964*j + 1130*j. Is k(9) composite?
False
Let j = 1683 + 37758. Is j a prime number?
False
Suppose -4*g + 3*i = 816 + 926, 0 = 4*g - 2*i + 1740. Let j be (1 - (-1)/(-2))/((-77)/111958). Let v = g - j. Is v a prime number?
True
Suppose -f + 0*f = 0. Let n = 5656 - 5605. Suppose f = -47*d + n*d - 508. Is d a prime number?
True
Suppose -42*g - 21*g + 8097075 = 0. Suppose 0 = -3*b + y + g, -10609 = -b - 2*y + 32242. Is b composite?
True
Let k(h) = -3*h + 1471. Suppose -5*v + 16 - 1 = 5*a, -4*a = 2*v - 6. Suppose -v*r = -0*r - 12*r. Is k(r) composite?
False
Suppose 34 = -o + 38. Suppose -18025 = -3*d - u, -o*u = -5*d + u + 30015. Is d a prime number?
True
Let l(r) = -570*r + 9. Let s be l(2). Let w = 1816 + s. Let u = w + -484. Is u a composite number?
True
Is (-2402102)/(-16) + ((-1107)/72 - -9) + 6 composite?
False
Suppose -4083915 = -210*d + 1978995. Is d composite?
False
Let o(p) = -297580*p**3 - 50*p**2 - 72*p - 21. Is o(-1) a prime number?
True
Suppose -37*w + 33*w + 16 = 0. Suppose 5841 = w*c - 0*j + j, -c - j + 1461 = 0. Let v = c - 831. Is v a prime number?
False
Is ((-21)/9)/((-1631)/70533993) composite?
False
Suppose 2215*k + 258118 = 2229*k. Is k a composite number?
True
Let f = -470171 + 1120038. Is f prime?
True
Let w be ((-66)/21 + 4)*7/3. Suppose 16989 = 5*j - 2*q, -w*q + 4 = -4*q. Is j prime?
False
Suppose 2*s + 3*n = 20, -3*s + 3*n + 13 = -32. Suppose -s = -5*i + 17. Suppose i*q = -0*q + 5442. Is q a composite number?
False
Let u(o) = 23*o**2 - 28*o + 11. Suppose 129 = 8*l + 17. Is u(l) a composite number?
False
Let l be (4/1 + -8)/(-2). Suppose 0*u - 5*u + 1037 = 3*n, 3*n - l*u = 1009. Let g = 248 + n. Is g a prime number?
True
Suppose 0 = -1012*i + 986*i + 23634. Let k = 2 + 0. Suppose i = -k*w + 2687. Is w prime?
False
Let z(q) = q**3 - q**2 + q. Let k(s) = -23*s**3 - 8*s**2 + 2*s - 5. Let x(v) = -v - 2. Let y be x(-3). Let f(t) = y*k(t) - 4*z(t). Is f(-3) prime?
False
Suppose 0 = -2*k + 3*l - 87, 49 = -k - 6*l + 2*l. Suppose -5*c - 4*x = -424, -3*c - x - 356 = -7*c. Let d = c + k. Is d a composite number?
False
Let a(h) = -2923*h - 352. Let k(w) = -1462*w - 173. Let i(d) = 4*a(d) - 7*k(d). Is i(-3) composite?
False
Let u = -9564 - 12254. Let a be (-1)/(-5)*-2 - u/(-5). Let d = -2826 - a. Is d a prime number?
False
Let j(r) = r**3 + 24*r**2 + r + 16. Let x be (84/35)/(2/(-40)*2). Let p be j(x). Let v = p + 66. Is v a composite number?
True
Let y be ((-9)/(-6))/(2/4). Suppose -4*v + 3134 = 2*d - 0*d, 5*v = -y*d + 3915. Suppose 1211 = 3*l - 5*o, 0 = l + l + 2*o - v. Is l a composite number?
False
Suppose 0 = 4*c - 5*k - 12 + 77, 0 = -2*c - k - 15. Is -2*(4215/c - 5) a prime number?
True
Let w(i) = -1255*i**3 + i**2 + 82*i + 137. Is w(-6) composite?
False
Let c(p) be the third derivative of -p**4/24 + p**3/6 - 19*p**2. Let r be c(4). Is (1/r)/((-6)/18702) a composite number?
False
Let z = 140104 - 36881. Is z prime?
False
Suppose 8*m + 2*w - 27813924 = 0, -m - 5*w = -3373437 - 103294. Is m a prime number?
True
Suppose 6*u + 74024 = j + 2*u, 5*j = 4*u + 370168. Let r = j + -43249. Is r a composite number?
True
Let r = -111 - -67. Let p = 46 + r. Is (-659)/p*(1 - 11) composite?
True
Suppose -2*c = -z + 27783, 2*z - 45*c - 55578 = -47*c. Is z composite?
True
Suppose -5*n - 29 = -2*y, 5*y - 19 - 71 = -5*n. Let a(s) = s**3 - 2*s**2 - 2*s + 1. Let i be a(3). Let v = i + y. Is v a prime number?
False
Let t(k) = -k**3 - 4*k**2 + 5*k + 11. Let w be t(-5). Suppose -3*c + 16 = -w*c. Is -2*(4 + c) + 59 prime?
False
Let v(j) = j**3 + 11*j**2 - 12*j - 18. Let s be v(-12). Let y = s - -25. Let p(a) = a**3 - 4*a**2 + 15*a - 1. Is p(y) a composite number?
False
Suppose 0 = -5*b - 2*k + 3109007, 4*b - 1207472 = -3*k + 1279742. Is b a prime number?
True
Let d be (-14)/(-56) - 132942/(-8). Suppose -3*m + 17*m = d. Is m a prime number?
True
Let w = 14154 - -5535. Let y = w + -11136. Is y a composite number?
True
Let n = 170484 - 67025. Is n a prime number?
False
Suppose 12 = -2*w - 4*z, 3*w - 5*w + 8 = -z. Suppose -27*v = -26*v + w. Is ((-4826)/4)/(1/v) composite?
True
Let d(t) = 9*t**3 - 31*t**2 + 45*t - 345. Is d(32) a composite number?
False
Let i be (50/8)/((-7)/28). Let x = 7 - i. Let s = 65 - x. Is s composite?
True
Let k(q) = -2453*q**3 - 3*q**2 - 19*q + 43. Is k(-6) composite?
True
Suppose 7524069 = 627*w - 620*w. Is w composite?
True
Let q(u) = 521*u**2 + 10*u - 16. Let b be q(6). Let s = b + -10234. Is s composite?
True
Let o(i) = i**3 + 25*i**2 - 3*i + 45. Let d be o(-25). Let r be d - ((-2)/(-2))/(-4 - -3). Let f = 530 - r. Is f composite?
False
Suppose 0 = 104*g + 44*g - 1388046 - 939550. Is g prime?
True
Let p(q) = q**3 + 11*q**2 + 14*q + 12. Let j be p(-9). Let o = 51 - j. Suppose -o*x + 42 + 57 = 0. Is x a composite number?
True
Suppose -17*s + 2*s = 62940. Let u = 7189 + s. Is u prime?
False
Let k be -13*2/1*2/4. Let i = 8 + k. Is 3 - (i + -3 + 1) composite?
True
Suppose 7052240 = 22*c + 1625698. Is c a composite number?
False
Let r(y) = 2*y**2 + 14*y + 5. Let u be r(-7). Suppose 3*d - 2*k = -6, -4*d - u*k + 22 = 53. Is (-6)/d*(0 - (-14)/3) a prime number?
True
Let d = -7302 + 13599. Is d a prime number?
False
Let c(g) be the first derivative of -g**5/60 - g**4/12 + 59*g**3/3 + 19*g**2/2 - 21. Let h(r) be the second derivative of c(r). Is h(0) a prime number?
False
Suppose -4*b + 138 = -5*y, 2*y - 4 = 2*b - 74. Is 0/2 - (-62419)/b prime?
False
Let w = 594 + -596. Is ((-91)/65 - w) + 36584/10 a prime number?
True
Let n(z) = -z**2 - 1. Let x(s) be the second derivative of 11*s**4/6 - s**3/3 + s**2 + 16*s. Let d(m) = 3*n(m) + x(m). Is d(4) a prime number?
False
Suppose 0 = -4*a + 6 + 2, 2*k + 1020 = 3*a. Let b = k - -193. Let d = b + 567. Is d prime?
False
Let z(h) = -203*h**3 + 32*h**2 - 20*h - 51. Is z(-11) a composite number?
True
Let s(n) = 7690*n - 7689*n + 1775 + 2334 + 2*n**2. Is s(0) composite?
True
Let t = 53 + -62. Let h(l) = l**3 + 8*l**2 - 7*l + 14. Let j be h(t). Is -3*766*j/8 prime?
False
Let u(x) = x**3 - 20*x**2 - 15*x + 123. Let n be u(18). Let s = n + 1476. Is s prime?
False
Let r be 8/1 + -1 - -5. Suppose 3*d + m - 52822 = 0, -2*m = -r*d + 17*d - 88035. Is d a prime number?
True
Let z = -762075 + 1225816. Is z a composite number?
False
Let y(p) = 324*p**2 - 117*p - 130. Is y(49) composite?
False
Let b be 30290/(-39)*(-45)/2. Suppose 0 = -2*w - 5*m + b, 2*m - 21070 + 3598 = -2*w. Is w a composite number?
True
Suppose -7*h - 370292 = -11*h. Suppose 3*k - h = -10*k. Is k a prime number?
True
Let g = -21099 - -69198. Is g composite?
True
Is 52951/2*(-2)/(-3)*(106 + -103) composite?
False
Suppose 568 - 160 = 6*d. Let r = d - 65. Suppose 1569 = 2*c - y, 0*c + r*c - 5*y - 2336 = 0. Is c a composite number?
False
Is 12731140/180 + (-4)/(-8) + (-2)/36 composite?
False
Let d(g) = 4*g**3 - 10*g**2 + 30*g - 7. Let q be d(8). Suppose 0 = -3*n + 5226 + q. Let o = -488 + n. Is o composite?
False
Let j(y) = -239*y + 56. Suppose -12*u = 2*u - 154. Let c be j(u). Let g = -424 - c. Is g a composite number?
True
Let c be (1 - (-613)/2) + 144/(-96). Let i = c + 2197. Is i composite?
False
Let p = 149790 + -60433. Is p a composite number?
True
Suppose -5*f - 4*l = 21, -3*f - 6 = 3*l + 6. Is f/15*-327 - -2 a composite number?
True
Let t be (-2)/5*45/27*-3. Is (27 + -9)/6 + 5436/t a composite number?
True
Suppose -4*r + r = -3, 2*r + 4 = 3*m. Let n(g) = -55*g**m - 11 + 27*g**2 + 51*g**2 + 5*g. Is n(7) prime?
True
Let n(r) = 66 + 242*r - 19*r - 